is the units digit of (-1800)/(-28) - (3 + q/7)?
4
What is the ten thousands digit of (-5011*2)/((-217)/434)?
2
Let b(t) = -t**3 + 23*t**2 + 22*t + 10. Let d(w) = 3*w**3 + 11*w**2 - 10*w - 2. Let h be d(-4). What is the units digit of b(h)?
8
Suppose 2*t - 4930 = 3*p - 13279, 5*t - 8349 = -3*p. What is the tens digit of p?
8
Let m(q) be the third derivative of -q**5/60 + 5*q**4/12 + 2*q**3 - 33*q**2. Let w be m(9). Suppose w = 31*v - 30*v. What is the tens digit of v?
2
Let s(u) = -u**2 + 8*u - 16. Let f be s(7). Let j be (2 + 4)/(2/f). What is the units digit of j/(-4) - 3/(-12)?
7
Suppose -3*f + 3160 = 5*d - 852, -5*d = -25. What is the units digit of f?
9
Let x = -164 + 135. What is the hundreds digit of (x + 30)/((-1)/(-1089))?
0
Let a(o) = -o**2 + 4*o + 21. Let u be a(6). Suppose 0 = -4*t + 3*j + 3 - u, -3*t + 5*j = 10. Suppose t = p - 3*p + 18. What is the units digit of p?
9
Let n be (-5)/(-10) + 2*(-21)/(-12). Suppose v + 8 = -v, v - 12 = n*d. Let h = 17 + d. What is the units digit of h?
3
Let a(v) = v**2 - 13*v + 23. Let m be ((-26)/4)/(2/(-4)). What is the units digit of a(m)?
3
Let i = 918 + -537. Let v = i - -353. What is the hundreds digit of v?
7
Let b = -347 - -516. Let l be 3/(-9)*3 - -113. Let i = b - l. What is the units digit of i?
7
Let c be (8 - 1)*(-90)/(-105) - 0. Suppose -c*v + 3983 + 553 = 0. What is the hundreds digit of v?
7
Let a(v) = -2*v - 14. Let n be a(-12). Suppose o - 2*p = -n + 3, 4*o + p - 17 = 0. Suppose o*c + 0*c = 129. What is the units digit of c?
3
Suppose -141*j = -231*j + 957240. What is the thousands digit of j?
0
Let j be (-10)/(-15)*10806/4. What is the units digit of (-29)/174 + j/6?
0
Let h(w) = -218*w - 65. Let p = 289 + -294. What is the thousands digit of h(p)?
1
Suppose 11*u + 4*u - 304500 = -5*u. What is the thousands digit of u?
5
Suppose 0 = -4*k + 14 + 6. Suppose 42*c - 6 = 40*c. Suppose -2*i + 0*d = -c*d - 46, i = -k*d + 23. What is the tens digit of i?
2
Let d(m) = 8*m - 86*m - 14*m. What is the tens digit of d(-5)?
6
Suppose 7*o - 24*o = 0. Suppose 18*a - 22*a + 240 = o. What is the tens digit of a?
6
Suppose 5*k = 5, 0*a = 2*a - k + 325. Let j = a - -584. What is the tens digit of j?
2
Suppose -3*y + 4 = u - y, y - 2 = 0. Suppose -18*z + 26*z - 1320 = u. Let x = z - 33. What is the units digit of x?
2
Suppose -12 = -8*t + 3*t - 2*z, -2*t - 2*z + 6 = 0. Suppose 0*s = t*i - 5*s - 357, -3*s - 531 = -3*i. What is the units digit of i?
6
Suppose -97 = -13*u + 332. What is the tens digit of u/22*(1 + (-415)/(-3))?
0
Let g be -11 + -5*18/(-30). What is the thousands digit of ((-42)/(-8) - (-2)/g) + 1576?
1
Let d(w) = -628*w**2 + w**3 + 27 - w**3 - 14*w + 669*w**2 - w**3. What is the tens digit of d(40)?
6
Let h(d) = -11 + 76 + 9*d - 23 - 26 + 0*d. Let t = 6 + 1. What is the tens digit of h(t)?
7
Let h = 386 - 373. Suppose -h = -y - b, 0 = -6*y + 3*y - 5*b + 43. What is the units digit of y?
1
Let h(x) = x**3 + 8*x**2 + 6*x - 14. Let t be h(-4). Let c be -15 + 2*9/6. What is the units digit of (t/c)/(28/(-2184))?
9
What is the units digit of (24/10)/((-170)/425)*7070/(-4)?
5
Suppose 39*s - 29*s - 2990 = 0. Let l = s + -188. What is the hundreds digit of l?
1
Let x(g) = -g**3 + 51*g**2 + 56*g + 145. What is the units digit of x(44)?
1
Suppose -3*j - j = 11*j - 127470. What is the hundreds digit of j?
4
What is the hundreds digit of (-12)/39 - (-1174390)/494?
3
Suppose 0 = -17*i + 14*i. Suppose 5*d + 4*x - 41 = i, 4*x + 2 = d + 13. Suppose 0 = -d*j + 639 - 139. What is the units digit of j?
0
Let l(y) = -y + 2. Let i(w) = w - 82. Let g(r) = -i(r) - 6*l(r). What is the units digit of g(26)?
0
Let f(w) = -1437*w + 1479. What is the hundreds digit of f(-5)?
6
Suppose 46*h - 49*h = -9. Let a be (2/h)/((-84)/18 + 5). Suppose 2*m - 3*y = -a*y + 465, -4*y - 695 = -3*m. What is the hundreds digit of m?
2
What is the tens digit of 414/30*(-4)/(-6)*100?
2
Suppose -x - 112 = 6*x. What is the tens digit of (-7 - 136/x) + 2794/4?
0
Suppose 48*v = 870963 - 218643. What is the thousands digit of v?
3
Suppose 460 + 75 = 5*j. Suppose -3*f + f - 2*t + 316 = 0, -2*f + 3*t = -326. Let p = f - j. What is the tens digit of p?
5
Let r be (-15423)/(-371) + (-22)/14 + 1. Suppose 0 = 4*f - 3*f. Suppose g - r - 68 = f. What is the tens digit of g?
0
Suppose 26*m - 500 = 30*m. Suppose k - 744 = 7*k. Let f = k - m. What is the units digit of f?
1
Suppose 15 = -5*q, -4450 = 3*g - q - 29638. What is the units digit of g?
5
Suppose -35 = 5*n - 2*p + 7*p, 0 = -p - 5. Let m(d) be the second derivative of -d**5/5 + d**4/12 + d**3/6 + d**2/2 + 6*d. What is the tens digit of m(n)?
3
Let l be (6 + 900)*4/6. Suppose 0 = h - 5*h + l. Let o = -60 + h. What is the units digit of o?
1
Suppose 0 = 10*u - 27 - 3. Suppose -3*i = 5*a - 837 - 268, -1819 = -5*i + u*a. What is the tens digit of i?
6
Suppose -125 - 19 = -4*d. What is the units digit of 2*263/2 + (d - 39)?
0
Suppose 5*o - 2*o = -5*a + 40, -30 = -a - 5*o. Suppose -1104 = -a*s - 2*g, 5*s - 338 = -4*g + 770. What is the units digit of s?
0
Let w = -2453 - -4913. Suppose -2*u - p = -1225, -8*u + 4*u + w = 4*p. What is the units digit of u?
0
Suppose 2*o + 35033 = -0*z + 3*z, -z = -5*o - 11695. Suppose -8*y + 33*y = z. What is the hundreds digit of y?
4
Let z(u) = 3*u**2 + 88*u + 426. What is the hundreds digit of z(-67)?
9
What is the thousands digit of 6/(24/(-82964))*((-132)/21 + 6)?
5
Suppose 16*o = -2*q + 19*o + 29259, -58568 = -4*q - 4*o. What is the units digit of q?
7
Let x(z) = 3*z**2 - 5*z + 87. Let r be x(0). Let d = 296 - r. What is the hundreds digit of d?
2
What is the tens digit of 10 + -9 + 32/10*(14638 + 37)?
6
Suppose 8*s - 13 = 27. Suppose 1 = s*o - 4*o. Suppose -o + 572 = 3*g - 2*n, 0 = 2*n + 10. What is the hundreds digit of g?
1
Let t(r) = -217*r + 23661. What is the ten thousands digit of t(0)?
2
Let p = 7 + -12. Let h(w) = 5*w**2 + w + 6. Let y be h(p). Suppose 0*n = -2*n + y. What is the tens digit of n?
6
Let g(f) = 4*f**2 - 32*f - 19. What is the hundreds digit of g(-39)?
3
Suppose -77*b + 355717 + 347321 = -56*b. What is the thousands digit of b?
3
Let f(l) = l**3 + 2*l**2 - 2 + 4*l - 10*l + 5*l. Let w be f(-2). Suppose 5*n - 3*t - 543 = w, -t - 551 = -5*n - 0*t. What is the tens digit of n?
1
What is the thousands digit of 21/(-9) - (2 + (-57925)/21)?
2
Suppose -10073 = -3*l + 5*o, 7*o = 5*l + 3*o - 16784. What is the hundreds digit of l?
3
Let v = -2297 - -732. Let b = 2291 + v. What is the hundreds digit of b?
7
Let h(b) = -7*b**2 - 3*b - 1. Let i be h(-1). Let v(x) = -85*x + 64. What is the hundreds digit of v(i)?
4
Let j = 428 + -435. What is the tens digit of 11 + j + 1460/1?
6
Let c(m) = 8*m + 85. Let h be c(-10). Suppose z + h*w - 433 = 0, -1267 = -2*z - z + w. What is the tens digit of z?
2
Let p be (-1)/(-2) - 6/((-144)/(-18228)). Let x = p + 804. What is the units digit of x?
5
Let k be (1*(-2)/4)/(8/4224). Let u = -186 - k. Let i = u + -58. What is the units digit of i?
0
Let a = 10 - 3. Let u be (-1097)/(-7) + (-14)/(-49). Suppose -a*j + 172 = -u. What is the units digit of j?
7
Let u = 160 - -48. Let g = u + -187. What is the units digit of g?
1
Let i = 47459 - 17773. What is the ten thousands digit of i?
2
Suppose -3*l + 5*n = -126075, 145*l - 210163 = 140*l + 2*n. What is the hundreds digit of l?
0
Suppose 0*y + y - 3*l - 12 = 0, -y + 4*l + 16 = 0. Suppose y = -3*k - 15 + 6. What is the tens digit of 4/(-18) + ((-1495)/(-45) - k)?
3
Suppose 33 = -4*b + 401. Suppose 122 - b = 10*v. What is the units digit of v?
3
Let x be (-1 - -1)/(9/3). Suppose -4950 = -6*d - x*d. What is the units digit of d?
5
Suppose -2*m - 18055 = -25*m. Suppose 24*z - 8911 - m = 0. What is the tens digit of z?
0
Suppose 4*x - 289 + 109 = 0. Let i = x - 65. Let p = i + 106. What is the units digit of p?
6
Let d = -477 + 221. Let g = d - -392. What is the hundreds digit of g?
1
Let h be (-4 + (6 - 3))*0 - 10. Let a = 104 + h. What is the units digit of a?
4
Let v = -36 - -44. Suppose 0*a + 2*a - 2891 = -3*u, 2*a = v. Suppose -u = -10*x - 341. What is the units digit of x?
2
Let l(t) = 667*t - 108. What is the thousands digit of l(5)?
3
Suppose 5*d + 24 = -11. Let l be (-185)/d + 16/28. Suppose l = z + 10. What is the tens digit of z?
1
Let d(v) = -v**2 - 2*v + 38.